et o be f(22). Let i = 153 - o. Calculate the remainder when i is divided by 33.
32
Suppose 3*h = -3*g + 336, 154*h = 159*h + 2*g - 557. Let o = 155 + 306. Suppose 5*q + h = o. Calculate the remainder when q is divided by 9.
7
Suppose -16*m = -8 - 24. Suppose 41 = -m*g - 3*d + 136, 4*d + 130 = 2*g. Calculate the remainder when g is divided by 16.
7
Suppose a = -2*d, 3*d + 22 = 4*d - 5*a. Suppose 5*u - u = l - 7, d*l + u - 14 = 0. Suppose -l*b + 287 = -0*b. Calculate the remainder when b is divided by 12.
5
Suppose 3*m = -2*d + 151, -5*d + 110 + 255 = 5*m. Let o = d - -3. What is the remainder when o is divided by (-13 + 1)/(3/(-9))?
35
Suppose -4*r + 90 = m - 10, 2*r + m = 52. Suppose r = b + b. Suppose 2*a = 4 + b. What is the remainder when 22 is divided by a?
6
Suppose -7*f = -2*f - 2*b - 980, b = f - 196. Suppose 0 = -3*q + q - f. Let j = -86 - q. Calculate the remainder when 20 is divided by j.
8
Suppose -2*p + 19 = -p + h, 4*p - 55 = 3*h. Suppose 5*i - p*i = 297. Calculate the remainder when (-600)/i + 6/(-27) is divided by 8.
6
Suppose -55*a - 64*a + 120600 = 31*a. Calculate the remainder when a is divided by 54.
48
Suppose -4*h + 837 = -1668*o + 1669*o, -2556 = -3*o - 3*h. What is the remainder when o is divided by 826?
31
Let z = 90 - 97. Let f(n) = n - n + 6 + 2*n + 4*n + n**2. Calculate the remainder when f(z) is divided by 4.
1
Suppose -23*v + 199 = 38. Calculate the remainder when (-2)/3 - (-616)/6 is divided by v.
4
Let s(q) = q**2 - 3*q + 4. Let b be s(1). Suppose -b*u - n + 0*n = -48, 2*n = -u + 21. What is the remainder when 96 is divided by u?
21
Let l(y) = -2692*y + 13. Let m = 5 - 3. Suppose m*f + f + 77 = k, -3*k + 191 = -f. What is the remainder when k is divided by l(0)?
10
Suppose q = 2*g - 3*g + 102, 3*q = g + 318. Let a = q - 51. What is the remainder when a is divided by 9*2/12*280/30?
12
Let j = -353045 - -353253. Calculate the remainder when j is divided by 14 + (-1 - (0 - 1)).
12
Suppose 5*o - 29*y + 34*y = 3960, -y - 806 = -o. Calculate the remainder when o is divided by 119.
85
Let d(l) be the second derivative of -29*l**3/2 + 19*l**2/2 + 19*l. Let h be d(-3). Suppose -958 = -6*v - h. What is the remainder when v is divided by 19?
18
Calculate the remainder when 34 is divided by 1/15 - (-31951)/1335.
10
Let y(r) = -r**2 + 3*r + 172. Let s be (25 - (0 - -1))*261/116. Suppose 3*v - 18 = s. Calculate the remainder when y(-10) is divided by v.
18
Let d be ((-26)/(-4))/((-1)/(-18)). Let g = -1483 + 1483. Suppose i - 16 - d = g. Calculate the remainder when i is divided by 17.
14
Suppose -169*p + 78*p = -79*p - 3264. What is the remainder when p is divided by 11*(7 + -3 + 1)?
52
Let j(q) = -101*q + 35. Let o be j(-3). Let v = o + -235. What is the remainder when v is divided by 8?
7
Let m = 0 + 17. Let u = 21 - m. What is the remainder when 6*(-2 + u) - -2 is divided by 9?
5
Let i = -3198 - -3400. What is the remainder when i is divided by 186?
16
Let m = 17 - 12. Suppose 5*y + 0*y - 73 = -k, 5*k - 2*y - 311 = 0. Calculate the remainder when k is divided by m.
3
Let l(b) = 137*b**2 + 35*b - 94. What is the remainder when l(3) is divided by 43?
40
Let r(n) = 29*n - 11*n**2 - 13*n**2 + 31*n + 17 + 37*n**2 - 3*n**2. Calculate the remainder when r(-7) is divided by 2/3 + (-64)/(-3).
21
Let d(q) = -33*q**3 - 3*q**2 + 2*q + 4. Let s be d(-2). Let g be (91/(-39))/(1/(-3)). Suppose 11*r = g*r + s. What is the remainder when r is divided by 6?
3
Let k = -11 + 11. Suppose k = -6*h + 3*h - 12. What is the remainder when 31 is divided by -1*11*((-1 - h) + -4)?
9
What is the remainder when 312/(-108) - -3 - 4749/(-27) is divided by 6?
2
Let t = -78 - -169. Let m = -82 - -108. What is the remainder when t is divided by (80/(-18))/(m/(-117))?
11
Suppose -25 = 5*r, 2*q + 42*r - 37*r - 77 = 0. What is the remainder when 286 is divided by q?
31
Let j be 2 + 1 + -1 + -5 - -5. Suppose -6*z + 3744 = j*z. Suppose 0*g - z = -6*g. What is the remainder when g is divided by 10?
8
Suppose 2912 + 5615 = 18*f + 589. Calculate the remainder when f is divided by 25.
16
Let k = 202 - 108. Let c = -62 + k. Let v = 55175 - 55163. Calculate the remainder when c is divided by v.
8
Let t(h) = h**3 - 4*h**2 + h - 3. Let p be t(4). Suppose 27 = 4*v - p. What is the remainder when ((-120)/14)/((-1635)/3815) is divided by v?
6
Let l = 4521 - 4425. Calculate the remainder when 477 is divided by l.
93
Let l = -9587 + 9650. Calculate the remainder when 1501 is divided by l.
52
Let p = -277 - -294. Let d(j) = -j**3 - 32*j**2 + 28*j - 162. Calculate the remainder when p is divided by d(-33).
2
Let d = 6626 - 6618. What is the remainder when 31 is divided by d?
7
Let d(v) = -58*v**2 + 8*v - 22. Let x(b) = -7*b**2. Let g(w) = d(w) - 10*x(w). What is the remainder when g(2) is divided by 94/10 - 4/10?
6
What is the remainder when 1 + 41708/20 + (17/(-5) - -3) is divided by 25?
11
Let d = 35 - 18. Let v = d - 19. Calculate the remainder when 44*(9/v)/(-9) is divided by 12.
10
Suppose 19073 = 232*t + 8029 - 7748. Let u(j) = 3*j**2 + 4*j + 2. Calculate the remainder when t is divided by u(-3).
13
Suppose -2*l = -18*d + 14*d + 964, 4*d + 956 = -2*l. Let w = l - -581. What is the remainder when w is divided by 3?
2
Suppose -3*q + 9 = 0, q + 16 = -4*p + 135. What is the remainder when 430 is divided by p?
24
Suppose -3*g + 5*g = 4*n + 304, 3*g = 4*n + 466. Let a = -64 + g. Suppose 0 = 2*i + h - 39, -i - 5*h + 15 = -0. Calculate the remainder when a is divided by i.
18
Suppose -4*d + 36 = -0*o + 4*o, -39 = -4*o - 5*d. Calculate the remainder when (31/2)/(2/4) is divided by 96/18*9/o.
7
Let l = -21 - 70. Let p = l + 91. Suppose p = -y + 8*y - 259. What is the remainder when y is divided by 20?
17
Suppose 2*d - 42 = 4*n, n + 15 = -3*d + 50. Suppose -50*j + d*j + 4625 = 0. What is the remainder when j is divided by 12?
5
Suppose -6*v - 406 = -9*v + 1319. Calculate the remainder when v is divided by 147.
134
Calculate the remainder when 482 is divided by 2/(-17) - 714384/(-5576).
98
Let i(y) = y + 16. Let c be i(-12). Suppose -6*p + 10 = c*p. Suppose -b = -p - 6. What is the remainder when 13 is divided by b?
6
Calculate the remainder when 470 is divided by (100/15 - 6)/((-4)/(-66)).
8
Let d be (-2 + (-177)/2)/(6/12). What is the remainder when -2 - (1 - 5) - -94 is divided by 44/(-396) + d/(-9)?
16
Suppose -4*l = -2*l - 236. Let w(i) = 74*i**2 - 6*i - 53. Calculate the remainder when l is divided by w(1).
13
Suppose 2*h + 7*z = 3*z + 436, -848 = -4*h + 4*z. Calculate the remainder when h is divided by 13.
6
Let k = -84 + 31. Let i = -44 - k. What is the remainder when 20 + (2 - (-3 - -3)) is divided by i?
4
Suppose r + 133 + 29 = -2*n, -3*n = -2*r - 331. Calculate the remainder when 250 is divided by (r/205)/(1/(-80)).
58
Let u be (-4)/(0/1 - 5/10). What is the remainder when (12/u)/(1/38) is divided by 22?
13
Let u(c) = 26*c**2 - 9*c - 16. Let x be 2/(100/(-15) - -6). What is the remainder when u(x) is divided by 13?
11
Let h = 3733 - 3496. What is the remainder when h is divided by 91?
55
Let a be (24/12)/((-1)/(-4)). Suppose -2*h + w + a = -7, 4*w - 20 = 0. Let b(j) = 47*j**2. Calculate the remainder when b(-1) is divided by h.
7
Let m be ((-130)/(-25))/((-4)/(-40)). Let u = 90 - m. Let i = -25 + u. Calculate the remainder when 35 is divided by i.
9
Let p(w) = 13*w - 76. Let t be 610/75 + (-94)/30 + 3. Calculate the remainder when p(t) is divided by 10.
8
Suppose 2*q = 7*q - 95. Suppose -20*j = -q*j - 25. Calculate the remainder when 74 is divided by j.
24
Let k = -44 + 53. Suppose n - 4*a - k = 0, 5*a - 11 = -3*n + a. Suppose 148 = n*f + 123. What is the remainder when f is divided by 5?
0
Suppose 4*j = 3*m + 32, -24 = -j + m - 17. Let o(l) = 15*l - 40. What is the remainder when o(5) is divided by j?
2
Let x = -1558 + 1726. Calculate the remainder when x is divided by 48.
24
Suppose 4*l - 5*v = 9, 3*l + 2*v - 15 = 3*v. Calculate the remainder when -5 - (-95)/15 - (-1486)/l is divided by -2 - (6/3 + -67).
60
Let y be 27/(-7) + (-2)/14. Let i(r) = -r**3 - 7*r**2 - 11*r - 5. Let g be i(y). What is the remainder when 62 is divided by 1/(-3) + (-300)/g?
29
Suppose 20*w - 13*w - 238 = 0. Let y = w + 8. What is the remainder when y is divided by 4?
2
Suppose 6*c - 7*c + 3